{"id":9,"date":"2021-11-30T09:35:20","date_gmt":"2021-11-30T09:35:20","guid":{"rendered":"https:\/\/startersites.io\/blocksy\/petsy\/?page_id=9"},"modified":"2025-12-21T09:45:08","modified_gmt":"2025-12-21T09:45:08","slug":"about-us","status":"publish","type":"page","link":"https:\/\/disamgmm.com\/?page_id=9","title":{"rendered":"Sobre Nosotros"},"content":{"rendered":"\n<div class=\"wp-block-stackable-columns alignfull stk-block-columns stk-block stk-b5ccdb4 stk-block-background\" data-block-id=\"b5ccdb4\"><style>.stk-b5ccdb4 {background-color:var(--theme-palette-color-4, #17383e) !important;padding-top:230px !important;padding-bottom:0px !important;margin-bottom:0px !important;}.stk-b5ccdb4:before{background-color:var(--theme-palette-color-4, #17383e) !important;}@media screen and (max-width:999px){.stk-b5ccdb4 {padding-top:180px !important;}}<\/style><div class=\"stk-row stk-inner-blocks stk-block-content stk-content-align stk-b5ccdb4-column\">\n<div class=\"wp-block-stackable-column stk-block-column stk-column stk-block stk-871f4f1\" data-v=\"4\" data-block-id=\"871f4f1\"><style>.stk-871f4f1-container{margin-top:0px !important;margin-right:0px !important;margin-bottom:0px !important;margin-left:0px !important;}<\/style><div class=\"stk-column-wrapper stk-block-column__content stk-container stk-871f4f1-container stk--no-background stk--no-padding\"><div class=\"stk-block-content stk-inner-blocks stk-871f4f1-inner-blocks\">\n<div class=\"wp-block-stackable-text stk-block-text stk-block stk-8677478\" data-block-id=\"8677478\"><style>.stk-8677478 {margin-bottom:15px !important;opacity:0.4 !important;}.stk-8677478 .stk-block-text__text{color:var(--theme-palette-color-8, #ffffff) !important;font-weight:700 !important;text-transform:uppercase !important;}<\/style><p class=\"stk-block-text__text has-text-color has-palette-color-8-color has-text-align-center\">Tenemos los mejores precios<\/p><\/div>\n\n\n\n<div class=\"wp-block-stackable-heading stk-block-heading stk-block-heading--v2 stk-block stk-15a1637\" id=\"sobre-nosotros\" data-block-id=\"15a1637\"><style>.stk-15a1637 {margin-bottom:90px !important;}.stk-15a1637 .stk-block-heading__text{font-size:70px !important;color:var(--theme-palette-color-8, #ffffff) !important;}@media screen and (max-width:999px){.stk-15a1637 {margin-bottom:80px !important;}.stk-15a1637 .stk-block-heading__text{font-size:35px !important;}}@media screen and (max-width:689px){.stk-15a1637 {margin-bottom:60px !important;}}<\/style><h2 class=\"stk-block-heading__text has-text-color has-palette-color-8-color has-text-align-center\">Sobre Nosotros<\/h2><\/div>\n\n\n\n<div class=\"wp-block-stackable-image stk-block-image stk-block stk-ed6d8a2\" data-block-id=\"ed6d8a2\"><style>.stk-ed6d8a2 .stk-img-wrapper{width:768px !important;height:250px !important;}<\/style><figure><span class=\"stk-img-wrapper stk-image--shape-stretch\"><img loading=\"lazy\" decoding=\"async\" class=\"stk-img wp-image-685\" src=\"https:\/\/disamgmm.com\/wp-content\/uploads\/2025\/12\/groceries-3-1.png\" width=\"1550\" height=\"727\" srcset=\"https:\/\/disamgmm.com\/wp-content\/uploads\/2025\/12\/groceries-3-1.png 1550w, https:\/\/disamgmm.com\/wp-content\/uploads\/2025\/12\/groceries-3-1-300x141.png 300w, https:\/\/disamgmm.com\/wp-content\/uploads\/2025\/12\/groceries-3-1-1024x480.png 1024w, https:\/\/disamgmm.com\/wp-content\/uploads\/2025\/12\/groceries-3-1-768x360.png 768w, https:\/\/disamgmm.com\/wp-content\/uploads\/2025\/12\/groceries-3-1-1536x720.png 1536w, https:\/\/disamgmm.com\/wp-content\/uploads\/2025\/12\/groceries-3-1-400x188.png 400w, https:\/\/disamgmm.com\/wp-content\/uploads\/2025\/12\/groceries-3-1-600x281.png 600w\" sizes=\"auto, (max-width: 1550px) 100vw, 1550px\" \/><\/span><\/figure><\/div>\n<\/div><\/div><\/div>\n<\/div><\/div>\n\n\n\n<div class=\"wp-block-stackable-spacer stk-block-spacer stk--no-padding stk-block stk-5464b11\" data-block-id=\"5464b11\"><style>.stk-5464b11 {height:100px !important;}@media screen and (max-width:999px){.stk-5464b11 {height:80px !important;}}<\/style><\/div>\n\n\n\n<div class=\"wp-block-stackable-columns stk-block-columns stk-block stk-5d59b07\" data-block-id=\"5d59b07\"><style>.stk-5d59b07 {margin-bottom:0px !important;}.stk-5d59b07-column{row-gap:30px !important;}<\/style><div class=\"stk-row stk-inner-blocks stk-block-content stk-content-align stk-5d59b07-column\">\n<div class=\"wp-block-stackable-column stk-block-column stk-column stk-block stk-0d4fefc\" data-v=\"4\" data-block-id=\"0d4fefc\"><style>.stk-0d4fefc-container{margin-top:0px !important;margin-right:0px !important;margin-bottom:0px !important;margin-left:0px !important;}<\/style><div class=\"stk-column-wrapper stk-block-column__content stk-container stk-0d4fefc-container stk--no-background stk--no-padding\"><div class=\"stk-block-content stk-inner-blocks stk-0d4fefc-inner-blocks\">\n<div class=\"wp-block-stackable-heading stk-block-heading stk-block-heading--v2 stk-block stk-4f531fa\" id=\"meta-charset-utf-8-meta-tu-aliado-confiable-para-todo-lo-que-necesitas\" data-block-id=\"4f531fa\"><style>.stk-4f531fa {max-width:600px !important;min-width:auto !important;}.stk-4f531fa .stk-block-heading__text{font-size:40px !important;}@media screen and (max-width:999px){.stk-4f531fa .stk-block-heading__text{font-size:35px !important;}}<\/style><h2 class=\"stk-block-heading__text has-text-align-center-mobile\"><meta charset=\"utf-8\"><\/meta>Tu aliado confiable para todo lo que necesitas<\/h2><\/div>\n<\/div><\/div><\/div>\n<\/div><\/div>\n\n\n\n<div class=\"wp-block-stackable-spacer stk-block-spacer stk--no-padding stk-block stk-d44ff71\" data-block-id=\"d44ff71\"><style>.stk-d44ff71 {height:100px !important;}@media screen and (max-width:999px){.stk-d44ff71 {height:80px !important;}}<\/style><\/div>\n\n\n\n<div class=\"wp-block-stackable-columns stk-block-columns stk-block stk-0e9413a\" data-block-id=\"0e9413a\"><style>.stk-0e9413a {margin-bottom:0px !important;}.stk-0e9413a-column{--stk-column-gap:60px !important;row-gap:50px !important;}<\/style><div class=\"stk-row stk-inner-blocks stk-block-content stk-content-align stk-0e9413a-column\">\n<div class=\"wp-block-stackable-column stk-block-column stk-column stk-block stk-42e004d\" data-v=\"4\" data-block-id=\"42e004d\"><style>.stk-42e004d-container{margin-top:0px !important;margin-right:0px !important;margin-bottom:0px !important;margin-left:0px !important;}<\/style><div class=\"stk-column-wrapper stk-block-column__content stk-container stk-42e004d-container stk--no-background stk--no-padding\"><div class=\"stk-block-content stk-inner-blocks stk-42e004d-inner-blocks\">\n<div class=\"wp-block-stackable-text stk-block-text stk-block stk-a025132\" data-block-id=\"a025132\"><p class=\"stk-block-text__text has-text-align-center-mobile\">Ofrecemos una selecci\u00f3n completa de abarrotes esenciales y bebidas refrescantes para tu d\u00eda a d\u00eda. Nos aseguramos de que tu despensa siempre tenga productos frescos y de las mejores marcas del mercado.<\/p><\/div>\n<\/div><\/div><\/div>\n\n\n\n<div class=\"wp-block-stackable-column stk-block-column stk-column stk-block stk-7c0cf21\" data-v=\"4\" data-block-id=\"7c0cf21\"><style>.stk-7c0cf21-container{margin-top:0px !important;margin-right:0px !important;margin-bottom:0px !important;margin-left:0px !important;}<\/style><div class=\"stk-column-wrapper stk-block-column__content stk-container stk-7c0cf21-container stk--no-background stk--no-padding\"><div class=\"stk-block-content stk-inner-blocks stk-7c0cf21-inner-blocks\">\n<div class=\"wp-block-stackable-text stk-block-text stk-block stk-95109cd\" data-block-id=\"95109cd\"><p class=\"stk-block-text__text has-text-align-center-mobile\">Sabemos que tu perro es parte de la familia, por eso contamos con alimento nutritivo de alta calidad. Adem\u00e1s, iluminamos tus momentos especiales con nuestra variedad de veladoras para cualquier ocasi\u00f3n.<\/p><\/div>\n<\/div><\/div><\/div>\n\n\n\n<div class=\"wp-block-stackable-column stk-block-column stk-column stk-block stk-f03d52d\" data-v=\"4\" data-block-id=\"f03d52d\"><style>.stk-f03d52d-container{margin-top:0px !important;margin-right:0px !important;margin-bottom:0px !important;margin-left:0px !important;}<\/style><div class=\"stk-column-wrapper stk-block-column__content stk-container stk-f03d52d-container stk--no-background stk--no-padding\"><div class=\"stk-block-content stk-inner-blocks stk-f03d52d-inner-blocks\">\n<div class=\"wp-block-stackable-text stk-block-text stk-block stk-8e9d976\" data-block-id=\"8e9d976\"><p class=\"stk-block-text__text has-text-align-center-mobile\">Facilitamos tus eventos y la gesti\u00f3n de tu negocio con nuestra l\u00ednea de desechables pr\u00e1cticos y resistentes. Todo lo que necesitas para servir y atender, lo encuentras aqu\u00ed con entrega r\u00e1pida.<\/p><\/div>\n<\/div><\/div><\/div>\n<\/div><\/div>\n\n\n\n<div class=\"wp-block-stackable-spacer stk-block-spacer stk--no-padding stk-block stk-19b5ed9\" data-block-id=\"19b5ed9\"><style>.stk-19b5ed9 {height:100px !important;}@media screen and (max-width:999px){.stk-19b5ed9 {height:80px !important;}}<\/style><\/div>\n\n\n\n<div class=\"wp-block-stackable-columns alignfull stk-block-columns stk-block stk-784dcd9 stk-block-background stk--has-background-overlay\" data-block-id=\"784dcd9\"><style>.stk-784dcd9 {background-color:#000000 !important;background-image:url(https:\/\/disamgmm.com\/wp-content\/uploads\/2025\/12\/desechables.jpg) !important;padding-top:140px !important;padding-bottom:140px !important;margin-bottom:0px !important;}.stk-784dcd9:before{background-color:#000000 !important;opacity:0.4 !important;}@media screen and (max-width:999px){.stk-784dcd9 {background-position:center right !important;}}<\/style><div class=\"stk-row stk-inner-blocks stk-block-content stk-content-align stk-784dcd9-column\">\n<div class=\"wp-block-stackable-column stk-block-column stk-column stk-block stk-d128cb2\" data-v=\"4\" data-block-id=\"d128cb2\"><style>.stk-d128cb2-container{margin-top:0px !important;margin-right:0px !important;margin-bottom:0px !important;margin-left:0px !important;}<\/style><div class=\"stk-column-wrapper stk-block-column__content stk-container stk-d128cb2-container stk--no-background stk--no-padding\"><div class=\"stk-block-content stk-inner-blocks stk-d128cb2-inner-blocks\">\n<div class=\"wp-block-stackable-text stk-block-text stk-block stk-66bbc2e\" data-block-id=\"66bbc2e\"><style>.stk-66bbc2e {margin-bottom:20px !important;}.stk-66bbc2e .stk-block-text__text{font-size:25px !important;color:var(--theme-palette-color-8, #ffffff) !important;font-weight:500 !important;}@media screen and (max-width:999px){.stk-66bbc2e {margin-bottom:0px !important;}.stk-66bbc2e .stk-block-text__text{font-size:18px !important;}}<\/style><p class=\"stk-block-text__text has-text-color has-palette-color-8-color has-text-align-center\">Los mejores productos<\/p><\/div>\n\n\n\n<div class=\"wp-block-stackable-heading stk-block-heading stk-block-heading--v2 stk-block stk-234325d\" id=\"siempre-con-promociones\" data-block-id=\"234325d\"><style>.stk-234325d {margin-bottom:40px !important;}.stk-234325d .stk-block-heading__text{font-size:60px !important;color:var(--theme-palette-color-8, #ffffff) !important;}@media screen and (max-width:999px){.stk-234325d .stk-block-heading__text{font-size:35px !important;}}<\/style><h2 class=\"stk-block-heading__text has-text-color has-palette-color-8-color has-text-align-center\">Siempre con promociones<\/h2><\/div>\n\n\n\n<div class=\"wp-block-stackable-button-group stk-block-button-group stk-block stk-9401009\" data-block-id=\"9401009\"><div class=\"stk-row stk-inner-blocks has-text-align-center stk-block-content stk-button-group\">\n<div class=\"wp-block-stackable-button stk-block-button stk-block stk-448db44\" data-block-id=\"448db44\"><style>.stk-448db44 .stk-button{padding-right:30px !important;padding-left:30px !important;}.stk-448db44 .stk-button__inner-text{font-size:18px !important;font-weight:500 !important;}@media screen and (max-width:999px){.stk-448db44 .stk-button__inner-text{font-size:18px !important;}}<\/style><a class=\"stk-link stk-button stk--hover-effect-darken\" href=\"https:\/\/disamgmm.com\/?post_type=product\"><span class=\"stk-button__inner-text\">Ver productos<\/span><\/a><\/div>\n<\/div><\/div>\n<\/div><\/div><\/div>\n<\/div><\/div>\n\n\n\n<div class=\"wp-block-stackable-spacer stk-block-spacer stk--no-padding stk-block stk-b225d3c\" data-block-id=\"b225d3c\"><style>.stk-b225d3c {height:100px !important;}@media screen and (max-width:999px){.stk-b225d3c {height:80px !important;}}<\/style><\/div>\n\n\n\n<div class=\"wp-block-stackable-columns stk-block-columns stk-block stk-36b8564\" data-block-id=\"36b8564\"><style>.stk-36b8564 {margin-bottom:0px !important;}.stk-36b8564-column{row-gap:30px !important;}<\/style><div class=\"stk-row stk-inner-blocks stk-block-content stk-content-align stk-36b8564-column\">\n<div class=\"wp-block-stackable-column stk-block-column stk-column stk-block stk-3cf695f\" data-v=\"4\" data-block-id=\"3cf695f\"><style>.stk-3cf695f-container{margin-top:0px !important;margin-right:0px !important;margin-bottom:0px !important;margin-left:0px !important;}@media screen and (min-width:690px){.stk-3cf695f {flex:var(--stk-flex-grow, 1) 1 66.7% !important;}}<\/style><div class=\"stk-column-wrapper stk-block-column__content stk-container stk-3cf695f-container stk--no-background stk--no-padding\"><div class=\"stk-block-content stk-inner-blocks stk-3cf695f-inner-blocks\">\n<div class=\"wp-block-stackable-text stk-block-text stk-block stk-b03b4c8\" data-block-id=\"b03b4c8\"><style>.stk-b03b4c8 {margin-bottom:15px !important;opacity:0.4 !important;}.stk-b03b4c8 .stk-block-text__text{color:var(--theme-palette-color-3, #17383e) !important;font-weight:700 !important;text-transform:uppercase !important;}@media screen and (max-width:689px){.stk-b03b4c8 {margin-bottom:5px !important;}}<\/style><p class=\"stk-block-text__text has-text-color has-palette-color-3-color has-text-align-center-mobile\"><meta charset=\"utf-8\"><\/meta>Para leer<\/p><\/div>\n\n\n\n<div class=\"wp-block-stackable-heading stk-block-heading stk-block-heading--v2 stk-block stk-f542249\" id=\"meta-charset-utf-8-meta-articulos\" data-block-id=\"f542249\"><style>.stk-f542249 .stk-block-heading__text{font-size:40px !important;}@media screen and (max-width:999px){.stk-f542249 .stk-block-heading__text{font-size:35px !important;}}<\/style><h2 class=\"stk-block-heading__text has-text-align-center-mobile\"><meta charset=\"utf-8\"><\/meta>Articulos<\/h2><\/div>\n<\/div><\/div><\/div>\n\n\n\n<div class=\"wp-block-stackable-column stk-block-column stk-column stk-block stk-55660e4\" data-v=\"4\" data-block-id=\"55660e4\"><style>.stk-55660e4-container{margin-top:0px !important;margin-right:0px !important;margin-bottom:0px !important;margin-left:0px !important;}.stk-55660e4 {align-self:flex-end !important;}@media screen and (min-width:690px){.stk-55660e4 {flex:var(--stk-flex-grow, 1) 1 33.3% !important;}}<\/style><div class=\"stk-column-wrapper stk-block-column__content stk-container stk-55660e4-container stk--no-background stk--no-padding\"><div class=\"stk-block-content stk-inner-blocks stk-55660e4-inner-blocks\">\n<div class=\"wp-block-stackable-button-group stk-block-button-group stk-block stk-f92d3ec\" data-block-id=\"f92d3ec\"><div class=\"stk-row stk-inner-blocks has-text-align-right has-text-align-center-mobile stk-block-content stk-button-group\">\n<div class=\"wp-block-stackable-button stk-block-button is-style-ghost stk-block stk-feb9472\" data-block-id=\"feb9472\"><style>.stk-feb9472 .stk-button{padding-top:10px !important;padding-right:25px !important;padding-bottom:10px !important;padding-left:25px !important;background:transparent !important;}.stk-feb9472 .stk-button:hover:after{background:var(--theme-palette-color-2, #bc5d40) !important;opacity:1 !important;}:where(.stk-hover-parent:hover,  .stk-hover-parent.stk--is-hovered) .stk-feb9472 .stk-button:after{background:transparent !important;opacity:1 !important;}.stk-feb9472 .stk-button:before{border-style:solid !important;border-color:var(--theme-palette-color-3, #395155) !important;border-top-width:2px !important;border-right-width:2px !important;border-bottom-width:2px !important;border-left-width:2px !important;}.stk-feb9472 .stk-button:hover:before{border-color:var(--theme-palette-color-2, #bc5d40) !important;}.stk-feb9472 .stk-button .stk--inner-svg svg:last-child, .stk-feb9472 .stk-button .stk--inner-svg svg:last-child :is(g, path, rect, polygon, ellipse){fill:var(--theme-palette-color-8, #ffffff) !important;}.stk-feb9472 .stk-button__inner-text{font-size:15px !important;color:var(--theme-palette-color-3, #395155) !important;font-weight:600 !important;text-transform:uppercase !important;}.stk-feb9472 .stk-button:hover .stk-button__inner-text{color:var(--theme-palette-color-8, #ffffff) !important;}@media screen and (max-width:999px){.stk-feb9472 .stk-button__inner-text{font-size:15px !important;}}<\/style><a class=\"stk-link stk-button stk--hover-effect-darken\" href=\"https:\/\/startersites.io\/blocksy\/petsy\/?page_id=11\"><span class=\"has-text-color has-palette-color-3-color stk-button__inner-text\">ver<\/span><\/a><\/div>\n<\/div><\/div>\n<\/div><\/div><\/div>\n<\/div><\/div>\n\n\n\n<div class=\"wp-block-stackable-spacer stk-block-spacer stk--no-padding stk-block stk-c501948\" data-block-id=\"c501948\"><style>.stk-c501948 {height:50px !important;}<\/style><\/div>\n\n\n<div class=\"ct-posts-shortcode\" data-prefix=\"blog\"><div class=\"entries\" data-archive=\"default\" data-layout=\"grid\" data-cards=\"simple\" data-hover=\"zoom-in\"><article class=\"entry-card card-content post-512 post type-post status-publish format-standard has-post-thumbnail hentry category-cats\" ><a class=\"ct-media-container has-hover-effect\" href=\"https:\/\/disamgmm.com\/?p=512\" aria-label=\"El arte de tener un hogar siempre preparado\"><img decoding=\"async\" width=\"768\" height=\"576\" src=\"https:\/\/disamgmm.com\/wp-content\/uploads\/2021\/12\/VELAS-EN-LA-OFRENDA-768x576.jpg\" class=\"attachment-medium_large size-medium_large wp-post-image\" alt=\"\" loading=\"lazy\" srcset=\"https:\/\/disamgmm.com\/wp-content\/uploads\/2021\/12\/VELAS-EN-LA-OFRENDA-768x576.jpg 768w, https:\/\/disamgmm.com\/wp-content\/uploads\/2021\/12\/VELAS-EN-LA-OFRENDA-300x225.jpg 300w, https:\/\/disamgmm.com\/wp-content\/uploads\/2021\/12\/VELAS-EN-LA-OFRENDA-400x300.jpg 400w, https:\/\/disamgmm.com\/wp-content\/uploads\/2021\/12\/VELAS-EN-LA-OFRENDA-600x450.jpg 600w, https:\/\/disamgmm.com\/wp-content\/uploads\/2021\/12\/VELAS-EN-LA-OFRENDA.jpg 830w\" sizes=\"auto, (max-width: 768px) 100vw, 768px\" itemprop=\"image\" style=\"aspect-ratio: 830\/623;\" \/><\/a><h2 class=\"entry-title\"><a href=\"https:\/\/disamgmm.com\/?p=512\" rel=\"bookmark\">El arte de tener un hogar siempre preparado<\/a><\/h2><ul class=\"entry-meta\" data-type=\"simple:slash\" data-id=\"9kbpMB\" ><li class=\"meta-date\" itemprop=\"datePublished\"><time class=\"ct-meta-element-date\" datetime=\"2025-12-21T09:15:00+00:00\">diciembre 21, 2025<\/time><\/li><\/ul><\/article><\/div><\/div>\n\n\n\n<div class=\"wp-block-stackable-spacer stk-block-spacer stk--no-padding stk-block stk-274196b\" data-block-id=\"274196b\"><style>.stk-274196b {height:70px !important;}@media screen and (max-width:999px){.stk-274196b {height:50px !important;}}<\/style><\/div>\n\n\n\n<p><\/p>\n","protected":false},"excerpt":{"rendered":"<p>Tenemos los mejores precios Sobre Nosotros Tu aliado confiable para todo lo que necesitas Ofrecemos una selecci\u00f3n completa de abarrotes esenciales y bebidas refrescantes para tu d\u00eda a d\u00eda. Nos aseguramos de que tu despensa siempre tenga productos frescos y de las mejores marcas del mercado. Sabemos que tu perro es parte de la familia, [&hellip;]<\/p>\n","protected":false},"author":1,"featured_media":0,"parent":0,"menu_order":0,"comment_status":"closed","ping_status":"closed","template":"","meta":{"footnotes":""},"class_list":["post-9","page","type-page","status-publish","hentry"],"blocksy_meta":{"styles_descriptor":{"styles":{"desktop":"","tablet":"","mobile":""},"google_fonts":[],"version":6},"page_title_panel":"","has_hero_section":"disabled","56dc8bb8328744ce058b8d9cd82b2d38":"","hero_section":"type-1","hero_elements":[{"id":"custom_title","enabled":true,"heading_tag":"h1","title":"Home"},{"id":"custom_description","enabled":true,"description_visibility":{"desktop":true,"tablet":true,"mobile":false}},{"id":"custom_meta","enabled":false,"meta_elements":[{"id":"author","enabled":true,"label":"By","has_author_avatar":"yes","avatar_size":25},{"id":"post_date","enabled":true,"label":"On","date_format_source":"default","date_format":"M j, Y"},{"id":"updated_date","enabled":false,"label":"On","date_format_source":"default","date_format":"M j, Y"},{"id":"categories","enabled":false,"label":"In","style":"simple"},{"id":"comments","enabled":true}],"page_meta_elements":{"joined":true,"articles_count":true,"comments":true}},{"id":"breadcrumbs","enabled":false}],"df2ebe791f90eea1db152da20fbeac92":"","hero_alignment1":"CT_CSS_SKIP_RULE","hero_margin":40,"hero_alignment2":"center","hero_vertical_alignment":"center","7306495ef28b7caa97798dffa77f609b":"","hero_structure":"narrow","3270ae7e31121afd49dc0a0aa5e67f73":"","page_title_bg_type":"featured_image","custom_hero_background":{"attachment_id":null},"parallax":{"desktop":false,"tablet":false,"mobile":false},"b44a1e6cd9de7c8def311d113a9c577e":"","hero_height":"250px","pageTitleFont":{"family":"Default","variation":"Default","size":"30px","line-height":"CT_CSS_SKIP_RULE","letter-spacing":"CT_CSS_SKIP_RULE","text-transform":"CT_CSS_SKIP_RULE","text-decoration":"CT_CSS_SKIP_RULE"},"pageTitleFontColor":{"default":{"color":"CT_CSS_SKIP_RULEDEFAULT"}},"pageMetaFont":{"family":"Default","variation":"n6","size":"12px","line-height":"1.3","letter-spacing":"CT_CSS_SKIP_RULE","text-transform":"uppercase","text-decoration":"CT_CSS_SKIP_RULE"},"pageMetaFontColor":{"default":{"color":"CT_CSS_SKIP_RULEDEFAULT"},"hover":{"color":"CT_CSS_SKIP_RULEDEFAULT"}},"page_meta_button_type_font_colors":{"default":{"color":"CT_CSS_SKIP_RULEDEFAULT"},"hover":{"color":"CT_CSS_SKIP_RULEDEFAULT"}},"page_meta_button_type_background_colors":{"default":{"color":"CT_CSS_SKIP_RULEDEFAULT"},"hover":{"color":"CT_CSS_SKIP_RULEDEFAULT"}},"pageExcerptFont":{"family":"Default","variation":"Default","size":"CT_CSS_SKIP_RULE","line-height":"CT_CSS_SKIP_RULE","letter-spacing":"CT_CSS_SKIP_RULE","text-transform":"CT_CSS_SKIP_RULE","text-decoration":"CT_CSS_SKIP_RULE"},"pageExcerptColor":{"default":{"color":"CT_CSS_SKIP_RULEDEFAULT"}},"breadcrumbsFont":{"family":"Default","variation":"Default","size":"CT_CSS_SKIP_RULE","line-height":"CT_CSS_SKIP_RULE","letter-spacing":"CT_CSS_SKIP_RULE","text-transform":"CT_CSS_SKIP_RULE","text-decoration":"CT_CSS_SKIP_RULE"},"breadcrumbsFontColor":{"default":{"color":"CT_CSS_SKIP_RULEDEFAULT"},"initial":{"color":"CT_CSS_SKIP_RULEDEFAULT"},"hover":{"color":"CT_CSS_SKIP_RULEDEFAULT"}},"pageTitleOverlay":{"background_type":"color","background_pattern":"type-1","background_image":{"attachment_id":null,"x":0,"y":0},"gradient":"linear-gradient(135deg,rgba(6,147,227,1) 0%,rgb(155,81,224) 100%)","background_repeat":"repeat","background_size":"auto","background_attachment":"scroll","patternColor":{"default":{"color":"#e5e7ea"}},"overlayColor":{"default":{"color":"CT_CSS_SKIP_RULE"}},"backgroundColor":{"default":{"color":"CT_CSS_SKIP_RULE"}}},"pageTitleBackground":{"background_type":"color","background_pattern":"type-1","background_image":{"attachment_id":null,"x":0,"y":0},"gradient":"linear-gradient(135deg,rgba(6,147,227,1) 0%,rgb(155,81,224) 100%)","background_repeat":"repeat","background_size":"auto","background_attachment":"scroll","patternColor":{"default":{"color":"#e5e7ea"}},"overlayColor":{"default":{"color":"CT_CSS_SKIP_RULE"}},"backgroundColor":{"default":{"color":"var(--theme-palette-color-6)"}}},"pageTitlePadding":{"top":"50px","bottom":"50px","left":"auto","right":"auto","linked":true},"349d28852cc80bf2afbda0c5bf393627":"","page_structure_type":"default","8e98da53888c0fde48b562c569fb7662":"","content_style_source":"inherit","content_style":"wide","vertical_spacing_source":"custom","content_area_spacing":"none","background":{"background_type":"color","background_pattern":"type-1","background_image":{"attachment_id":null,"x":0,"y":0},"gradient":"linear-gradient(135deg,rgba(6,147,227,1) 0%,rgb(155,81,224) 100%)","background_repeat":"repeat","background_size":"auto","background_attachment":"scroll","patternColor":{"default":{"color":"#e5e7ea"}},"overlayColor":{"default":{"color":"CT_CSS_SKIP_RULE"}},"backgroundColor":{"default":{"color":"CT_CSS_SKIP_RULE"}}},"content_background":{"background_type":"color","background_pattern":"type-1","background_image":{"attachment_id":null,"x":0,"y":0},"gradient":"linear-gradient(135deg,rgba(6,147,227,1) 0%,rgb(155,81,224) 100%)","background_repeat":"repeat","background_size":"auto","background_attachment":"scroll","patternColor":{"default":{"color":"#e5e7ea"}},"overlayColor":{"default":{"color":"CT_CSS_SKIP_RULE"}},"backgroundColor":{"default":{"color":"var(--theme-palette-color-8)"}}},"content_boxed_shadow":{"inherit":false,"blur":18,"spread":-6,"v_offset":12,"h_offset":0,"inset":false,"enable":true,"color":{"color":"rgba(34, 56, 101, 0.04)"}},"boxed_content_spacing":{"desktop":{"top":"40px","bottom":"40px","left":"40px","right":"40px","linked":true},"tablet":{"top":"35px","bottom":"35px","left":"35px","right":"35px","linked":true},"mobile":{"top":"20px","bottom":"20px","left":"20px","right":"20px","linked":true}},"content_boxed_radius":{"top":"3px","bottom":"3px","left":"3px","right":"3px","linked":true},"f8ecb128d0a0b88b8863f080a2e72733":"","disable_featured_image":"no","disable_header":"no","disable_footer":"no"},"_links":{"self":[{"href":"https:\/\/disamgmm.com\/index.php?rest_route=\/wp\/v2\/pages\/9","targetHints":{"allow":["GET"]}}],"collection":[{"href":"https:\/\/disamgmm.com\/index.php?rest_route=\/wp\/v2\/pages"}],"about":[{"href":"https:\/\/disamgmm.com\/index.php?rest_route=\/wp\/v2\/types\/page"}],"author":[{"embeddable":true,"href":"https:\/\/disamgmm.com\/index.php?rest_route=\/wp\/v2\/users\/1"}],"replies":[{"embeddable":true,"href":"https:\/\/disamgmm.com\/index.php?rest_route=%2Fwp%2Fv2%2Fcomments&post=9"}],"version-history":[{"count":8,"href":"https:\/\/disamgmm.com\/index.php?rest_route=\/wp\/v2\/pages\/9\/revisions"}],"predecessor-version":[{"id":691,"href":"https:\/\/disamgmm.com\/index.php?rest_route=\/wp\/v2\/pages\/9\/revisions\/691"}],"wp:attachment":[{"href":"https:\/\/disamgmm.com\/index.php?rest_route=%2Fwp%2Fv2%2Fmedia&parent=9"}],"curies":[{"name":"wp","href":"https:\/\/api.w.org\/{rel}","templated":true}]}}